actor of 4490 and 40.
10
Calculate the greatest common factor of 7 and 112.
7
Calculate the highest common factor of 2432 and 160.
32
Calculate the highest common factor of 15 and 255.
15
Calculate the greatest common divisor of 24423 and 21.
21
What is the greatest common divisor of 12 and 132?
12
Calculate the highest common divisor of 312 and 48.
24
What is the greatest common factor of 20 and 140?
20
What is the highest common factor of 5 and 135?
5
Calculate the highest common factor of 122 and 793.
61
What is the greatest common divisor of 121 and 22?
11
What is the greatest common divisor of 2112 and 2496?
192
What is the greatest common divisor of 44 and 1342?
22
What is the greatest common factor of 16 and 1072?
16
What is the greatest common factor of 330 and 270?
30
What is the greatest common factor of 15 and 27?
3
What is the greatest common divisor of 7 and 2919?
7
Calculate the greatest common divisor of 1353 and 363.
33
Calculate the greatest common factor of 120 and 4410.
30
Calculate the highest common divisor of 77690 and 170.
170
What is the greatest common divisor of 6 and 31056?
6
What is the greatest common factor of 444 and 24?
12
Calculate the highest common factor of 640 and 30.
10
Calculate the highest common factor of 11 and 1.
1
What is the highest common divisor of 2794 and 440?
22
What is the highest common factor of 1134 and 252?
126
What is the greatest common divisor of 1683 and 102?
51
What is the greatest common factor of 2992 and 187?
187
What is the greatest common factor of 1664 and 3072?
128
Calculate the greatest common factor of 1190 and 280.
70
Calculate the highest common factor of 1152 and 36.
36
What is the greatest common factor of 2508 and 462?
66
What is the highest common divisor of 55998 and 102?
102
Calculate the greatest common factor of 548 and 8.
4
What is the highest common divisor of 22 and 18766?
22
Calculate the greatest common divisor of 399 and 63.
21
Calculate the greatest common factor of 230 and 414.
46
Calculate the highest common divisor of 860 and 40.
20
Calculate the greatest common factor of 79 and 14773.
79
Calculate the greatest common divisor of 3585 and 15.
15
What is the greatest common divisor of 9 and 153?
9
What is the highest common divisor of 8097 and 3?
3
Calculate the highest common divisor of 680 and 935.
85
Calculate the highest common divisor of 992 and 32.
32
What is the greatest common divisor of 8505 and 210?
105
What is the greatest common divisor of 855 and 95?
95
Calculate the greatest common factor of 5597 and 386.
193
Calculate the greatest common factor of 33 and 15.
3
What is the greatest common divisor of 220 and 935?
55
What is the highest common factor of 816 and 6477?
51
Calculate the greatest common divisor of 2033 and 1070.
107
Calculate the greatest common divisor of 721 and 35.
7
What is the greatest common factor of 999 and 518?
37
What is the highest common divisor of 498 and 26726?
166
What is the highest common factor of 195 and 897?
39
What is the highest common divisor of 20 and 2216?
4
What is the highest common factor of 55 and 935?
55
What is the greatest common factor of 1029 and 91?
7
Calculate the greatest common factor of 116 and 7076.
116
Calculate the highest common factor of 17 and 527.
17
What is the greatest common divisor of 391 and 253?
23
What is the greatest common divisor of 75 and 45?
15
What is the greatest common factor of 82 and 2296?
82
Calculate the greatest common factor of 2849 and 4921.
259
Calculate the highest common divisor of 1206 and 536.
134
Calculate the highest common divisor of 108 and 1092.
12
Calculate the highest common factor of 6169 and 31.
31
What is the greatest common factor of 1110 and 10?
10
What is the greatest common factor of 40 and 30?
10
What is the greatest common factor of 7 and 6?
1
Calculate the highest common divisor of 198 and 143.
11
What is the greatest common factor of 34 and 544?
34
What is the highest common divisor of 175 and 475?
25
What is the highest common divisor of 46 and 161?
23
Calculate the greatest common factor of 2 and 21.
1
What is the greatest common factor of 319 and 58?
29
What is the greatest common divisor of 150 and 2150?
50
What is the highest common divisor of 1394 and 238?
34
Calculate the greatest common factor of 12615 and 45.
15
Calculate the greatest common divisor of 253 and 207.
23
Calculate the greatest common factor of 5175 and 115.
115
What is the greatest common divisor of 413 and 7?
7
Calculate the highest common divisor of 1716 and 24.
12
Calculate the greatest common divisor of 57 and 5833.
19
What is the greatest common divisor of 396 and 88?
44
Calculate the highest common factor of 2160 and 3915.
135
Calculate the highest common factor of 19 and 19.
19
Calculate the highest common factor of 8 and 584.
8
What is the greatest common divisor of 3973 and 29?
29
Calculate the greatest common factor of 2 and 111.
1
Calculate the greatest common divisor of 238 and 850.
34
What is the greatest common factor of 10 and 465?
5
What is the highest common divisor of 217 and 31?
31
Calculate the highest common divisor of 16 and 28.
4
Calculate the highest common divisor of 1920 and 60.
60
What is the highest common factor of 11 and 11?
11
What is the highest common factor of 42 and 138?
6
What is the highest common divisor of 80 and 1040?
80
Calculate the greatest common factor of 870 and 30.
30
Calculate the greatest common factor of 46 and 736.
46
What is the highest common factor of 348 and 609?
87
What is the greatest common divisor of 288 and 2736?
144
Calculate the greatest common divisor of 14462 and 28.
14
Calculate the highest common factor of 18 and 1152.
18
What is the greatest common factor of 36 and 27?
9
Calculate the greatest common factor of 1440 and 420.
60
Calculate the greatest common factor of 1180 and 940.
20
Calculate the greatest common divisor of 855 and 190.
95
Calculate the highest common factor of 205 and 10.
5
What is the highest common factor of 310 and 5735?
155
What is the greatest common divisor of 4208 and 144?
16
What is the highest common factor of 13 and 6383?
13
What is the highest common factor of 1156 and 136?
68
What is the greatest common divisor of 11 and 33253?
11
Calculate the highest common factor of 735 and 60.
15
Calculate the greatest common divisor of 10 and 640.
10
What is the highest common divisor of 15 and 5?
5
Calculate the highest common factor of 116 and 870.
58
What is the greatest common factor of 90 and 20?
10
Calculate the highest common divisor of 39 and 988.
13
What is the highest common divisor of 776 and 485?
97
What is the highest common factor of 4 and 563?
1
What is the highest common factor of 1940 and 8?
4
Calculate the highest common factor of 444 and 24.
12
Calculate the highest common divisor of 96 and 18.
6
What is the highest common divisor of 362 and 16109?
181
What is the highest common factor of 3108 and 756?
84
What is the highest common factor of 429 and 1911?
39
What is the highest common divisor of 28 and 7?
7
What is the highest common factor of 4 and 520?
4
What is the greatest common divisor of 43 and 301?
43
Calculate the greatest common divisor of 196 and 3038.
98
What is the greatest common factor of 470 and 140?
10
Calculate the highest common divisor of 150 and 60.
30
What is the greatest common factor of 21 and 4011?
21
Calculate the highest common divisor of 70 and 30.
10
What is the greatest common factor of 480 and 30?
30
Calculate the greatest common divisor of 378 and 1026.
54
What is the greatest common divisor of 6 and 694?
2
Calculate the highest common divisor of 35 and 800.
5
What is the greatest common factor of 128 and 96?
32
Calculate the highest common divisor of 92 and 1150.
46
What is the highest common factor of 24416 and 448?
224
What is the highest common factor of 10048 and 24?
8
Calculate the highest common factor of 3249 and 684.
171
What is the greatest common factor of 5256 and 40?
8
What is the highest common divisor of 336 and 756?
84
Calculate the highest common divisor of 1251 and 6.
3
Calculate the greatest common divisor of 116 and 16.
4
Calculate the greatest common factor of 4 and 324.
4
What is the highest common divisor of 240